{"id":122,"date":"2025-09-12T13:14:48","date_gmt":"2025-09-12T11:14:48","guid":{"rendered":"https:\/\/snoop-video.fr\/?page_id=122"},"modified":"2025-09-16T14:31:54","modified_gmt":"2025-09-16T12:31:54","slug":"contact","status":"publish","type":"page","link":"https:\/\/snoop-video.fr\/?page_id=122","title":{"rendered":"contacts"},"content":{"rendered":"\n<div class=\"wp-block-group is-layout-grid wp-container-core-group-is-layout-9649a0d9 wp-block-group-is-layout-grid\">\n<figure class=\"wp-block-image size-full is-resized wp-container-content-e29552f7\"><img loading=\"lazy\" decoding=\"async\" width=\"1499\" height=\"946\" src=\"https:\/\/snoop-video.fr\/wp-content\/uploads\/2025\/09\/Logo-snoop-vert.png\" alt=\"logo snoop vert\" class=\"wp-image-256\" style=\"width:335px;height:auto\" srcset=\"https:\/\/snoop-video.fr\/wp-content\/uploads\/2025\/09\/Logo-snoop-vert.png 1499w, https:\/\/snoop-video.fr\/wp-content\/uploads\/2025\/09\/Logo-snoop-vert-300x189.png 300w, https:\/\/snoop-video.fr\/wp-content\/uploads\/2025\/09\/Logo-snoop-vert-1024x646.png 1024w, https:\/\/snoop-video.fr\/wp-content\/uploads\/2025\/09\/Logo-snoop-vert-768x485.png 768w\" sizes=\"auto, (max-width: 1499px) 100vw, 1499px\" \/><figcaption class=\"wp-element-caption\"><strong><code><mark style=\"background-color:rgba(0, 0, 0, 0)\" class=\"has-inline-color has-white-color\"><br><strong>L\u00e9ana - Regis \/ Technique vid\u00e9o&nbsp;<\/strong><\/mark><\/code><\/strong><\/figcaption><\/figure>\n\n\n\n<div class=\"wp-block-group wp-container-content-e29552f7\"><div class=\"wp-block-group__inner-container is-layout-constrained wp-block-group-is-layout-constrained\">\n<p class=\"has-text-align-left wp-container-content-e29552f7\">22 Chemin du Guillaumant                                         &#8211; 34120 L\u00e9zignan-la-C\u00e8bre<br><br>+33 6 3131 9449 \/ +33 4672 43909<br><br><a href=\"mailto:eric@ruffevideo.com\">contact@snoop-video.fr<\/a><br><a href=\"https:\/\/snoop-video.fr\/\">https:\/\/snoop-video.fr\/<\/a><\/p>\n<\/div><\/div>\n<\/div>\n\n\n\n<div class=\"wp-block-group is-layout-grid wp-container-core-group-is-layout-9649a0d9 wp-block-group-is-layout-grid\">\n<figure class=\"wp-block-image size-full wp-container-content-e29552f7\"><img loading=\"lazy\" decoding=\"async\" width=\"843\" height=\"479\" src=\"https:\/\/snoop-video.fr\/wp-content\/uploads\/2025\/09\/Capture-decran-2025-09-12-a-15.34.14.png\" alt=\"\" class=\"wp-image-175\" srcset=\"https:\/\/snoop-video.fr\/wp-content\/uploads\/2025\/09\/Capture-decran-2025-09-12-a-15.34.14.png 843w, https:\/\/snoop-video.fr\/wp-content\/uploads\/2025\/09\/Capture-decran-2025-09-12-a-15.34.14-300x170.png 300w, https:\/\/snoop-video.fr\/wp-content\/uploads\/2025\/09\/Capture-decran-2025-09-12-a-15.34.14-768x436.png 768w\" sizes=\"auto, (max-width: 843px) 100vw, 843px\" \/><figcaption class=\"wp-element-caption\"><strong><code><mark style=\"background-color:rgba(0, 0, 0, 0)\" class=\"has-inline-color has-white-color\">Rico&nbsp;\u2013 R\u00e9alisateur &amp; Post-production<\/mark><\/code><\/strong><\/figcaption><\/figure>\n\n\n\n<figure class=\"wp-block-image size-full wp-container-content-e29552f7\"><img loading=\"lazy\" decoding=\"async\" width=\"595\" height=\"294\" src=\"https:\/\/snoop-video.fr\/wp-content\/uploads\/2025\/09\/Capture-decran-2025-09-16-a-14.31.13.png\" alt=\"\" class=\"wp-image-853\" srcset=\"https:\/\/snoop-video.fr\/wp-content\/uploads\/2025\/09\/Capture-decran-2025-09-16-a-14.31.13.png 595w, https:\/\/snoop-video.fr\/wp-content\/uploads\/2025\/09\/Capture-decran-2025-09-16-a-14.31.13-300x148.png 300w\" sizes=\"auto, (max-width: 595px) 100vw, 595px\" \/><figcaption class=\"wp-element-caption\"><code><strong><mark style=\"background-color:rgba(0, 0, 0, 0)\" class=\"has-inline-color has-white-color\">Manu - Production, Direction commerciale, R\u00e9gie g\u00e9n\u00e9rale &amp; Sc\u00e9nographie<\/mark><\/strong><\/code><\/figcaption><\/figure>\n<\/div>\n\n\n\n<figure class=\"wp-block-video alignleft\"><video height=\"1080\" style=\"aspect-ratio: 1920 \/ 1080;\" width=\"1920\" controls src=\"https:\/\/snoop-video.fr\/wp-content\/uploads\/2025\/09\/bestof-medialive_v1-1080p.mp4\"><\/video><figcaption class=\"wp-element-caption\">Tournage conf\u00e9rence <a href=\"https:\/\/www.filianse.com\/\" data-type=\"link\" data-id=\"https:\/\/www.filianse.com\/\">Filianse vie<\/a> 2025 Chez M\u00e9dia Live Studio <mark style=\"background-color:rgba(0, 0, 0, 0)\" class=\"has-inline-color has-black-color\"> <\/mark><\/figcaption><\/figure>\n\n\n\n<p><\/p>\n\n\n\n<p><\/p>\n\n\n\n<p><\/p>\n","protected":false},"excerpt":{"rendered":"<p>22 Chemin du Guillaumant &#8211; 34120 L\u00e9zignan-la-C\u00e8bre +33 6 3131 9449 \/ +33 4672 43909 contact@snoop-video.frhttps:\/\/snoop-video.fr\/<\/p>\n","protected":false},"author":1,"featured_media":0,"parent":0,"menu_order":0,"comment_status":"closed","ping_status":"closed","template":"","meta":{"footnotes":""},"class_list":["post-122","page","type-page","status-publish","hentry"],"_links":{"self":[{"href":"https:\/\/snoop-video.fr\/index.php?rest_route=\/wp\/v2\/pages\/122","targetHints":{"allow":["GET"]}}],"collection":[{"href":"https:\/\/snoop-video.fr\/index.php?rest_route=\/wp\/v2\/pages"}],"about":[{"href":"https:\/\/snoop-video.fr\/index.php?rest_route=\/wp\/v2\/types\/page"}],"author":[{"embeddable":true,"href":"https:\/\/snoop-video.fr\/index.php?rest_route=\/wp\/v2\/users\/1"}],"replies":[{"embeddable":true,"href":"https:\/\/snoop-video.fr\/index.php?rest_route=%2Fwp%2Fv2%2Fcomments&post=122"}],"version-history":[{"count":49,"href":"https:\/\/snoop-video.fr\/index.php?rest_route=\/wp\/v2\/pages\/122\/revisions"}],"predecessor-version":[{"id":854,"href":"https:\/\/snoop-video.fr\/index.php?rest_route=\/wp\/v2\/pages\/122\/revisions\/854"}],"wp:attachment":[{"href":"https:\/\/snoop-video.fr\/index.php?rest_route=%2Fwp%2Fv2%2Fmedia&parent=122"}],"curies":[{"name":"wp","href":"https:\/\/api.w.org\/{rel}","templated":true}]}}